0?
2
Suppose 4*u = 0, -l - u + 3 = -3*u. Let m(c) = c**2 - 16*c + 18. Let v be m(15). Calculate the highest common divisor of l and v.
3
Let l(m) = -3*m - 13. Let h be l(-6). Let a be (1/2)/(3 - 5/2). Suppose 2*b = y - a, 3*y = -4*b + h + 18. Calculate the highest common factor of 4 and y.
1
Let q be (9/2 - -3)/(204/164016). Calculate the greatest common factor of q and 45.
45
Let b be (((-56)/(-6))/2)/((-2498)/(-681954)). What is the highest common factor of 234 and b?
26
Suppose 9*w = -15*w + 1584. Suppose 4*d - 12 - 24 = 0. Suppose -d - 46 = -5*q. What is the greatest common factor of w and q?
11
Let q be (-6 - (-62)/12)*(-109 - 281). Let r(o) = 26*o**2 - o. Let m be r(1). What is the highest common divisor of q and m?
25
Let w be (-8)/(-12) + (-28)/6. Let b be 83*(5 + w + 0). Suppose -2*j + 165 = 5*y, 0*j + 3*y = -j + b. Calculate the greatest common divisor of j and 16.
16
Let d(l) = -l. Let z be d(10). Let b = -5 - z. Suppose -x + 0*x = 4*s - 65, 81 = b*s + x. Calculate the highest common divisor of 24 and s.
8
Let m be 9/(63/(-14)) + 783. Calculate the greatest common divisor of 142 and m.
71
Suppose -2082 = -23*y + 425. Suppose 0 = 16*a - y - 6579. Calculate the greatest common divisor of a and 114.
38
Suppose l = u + 64, 5*l - 8*l + 216 = 5*u. Suppose -l*n - 8 = -68*n. Calculate the highest common factor of 376 and n.
8
Suppose 34921 = b - 46*b + 109801. Calculate the highest common divisor of 384 and b.
128
Suppose 2*d - 28 = -2*m, m - 50 = -2*m + d. Let f(w) = -w + 18. Let z be f(m). Let c be ((-36)/10)/3*-5. Calculate the greatest common divisor of c and z.
2
Let p(s) = 28*s**2 + 666*s - 5418. Let g be p(8). What is the greatest common factor of g and 1258?
74
Let m(i) = -7*i**2 - 678*i - 141. Let g be m(-96). What is the highest common divisor of g and 20?
5
Let q(g) = g**2 + 4*g - 21. Let h be q(15). Let k(l) = -l + 10. Suppose -z - 17 = -3. Let u be k(z). Calculate the highest common factor of h and u.
24
Let t be 6/(-2)*6/72*-388. Calculate the greatest common factor of 23183 and t.
97
Let i be (-10)/((-3)/(36/3)). Suppose 42*w - 20 = i*w. Let o be 772/5 - (-6)/w. Calculate the highest common divisor of o and 31.
31
Let h be 1 + (-8 + -1)/(-3). Suppose f = -h + 60. Suppose 77*r = 54*r + 184. What is the greatest common divisor of f and r?
8
Suppose 0 = 11*b - 10*b + 4*a - 25, -a = -5*b + 20. Let o be (-2)/5 - 12/20. Let t = o + 51. What is the highest common factor of t and b?
5
Let w(z) = -z**2 + 9*z + 24. Let v be w(11). Let t(c) = -7*c + 54. Let o be t(v). What is the highest common divisor of 5 and o?
5
Let p(l) = 3*l + 60. Let w be p(9). Suppose -5*t = 5*k - 270, -3*k - 46 = -4*k - 3*t. What is the highest common divisor of w and k?
29
Let h(o) = 12*o + 125. Let k be h(-10). Suppose 2*u = -4*i + 53 + 3, 0 = -k*i - 3*u + 71. Calculate the greatest common divisor of 221 and i.
13
Suppose -t - 8 = -3*t. Suppose -3*d + t*d - 70 = 0. Let m(w) = -7*w**2 - 29*w + 4. Let i be m(-3). Calculate the highest common divisor of i and d.
14
Let s = 45675 - 45459. What is the highest common factor of s and 4122?
18
Suppose -i = -5, -4*i = -5*k + 3*k + 2572. What is the greatest common divisor of k and 192?
48
Let w(j) = j + 8. Let g be w(-5). Let k be (9 + -5)/(g/(-6)). Let b be -1 - (-2 + 0)*(-52)/k. What is the greatest common divisor of b and 24?
12
Suppose 2*l - 833 = -5*c + 2536, -4*l + 1338 = 2*c. What is the greatest common divisor of c and 10?
5
Let z(w) = -w**3 + 21*w**2 + 30*w - 50. Suppose -c + 4*f - 13 = -47, -2*c = -3*f - 53. Let x be z(c). What is the highest common factor of 42 and x?
42
Let d = 411 + -337. Suppose -d = -6*m + 742. Calculate the highest common divisor of 8 and m.
8
Suppose -982 - 1975 = -71*z - 827. Calculate the highest common divisor of z and 435.
15
Suppose -34*d = -67132 - 28978 - 94052. Calculate the greatest common divisor of 94 and d.
47
Let z = 25 + -19. Let f(h) = h**2 + 4*h - 4. Let x be f(z). Let q = 64 - x. Calculate the greatest common factor of 56 and q.
8
Suppose 9*n = 6*n + 384. Suppose 0 = -44*j + 36*j + 64. Calculate the greatest common divisor of n and j.
8
Let x be -13 + (-348)/72*-3 - (-79)/2. What is the greatest common divisor of 7175 and x?
41
Let j = -449 + 277. Let v = 476 + j. What is the highest common divisor of 16 and v?
16
Let v be (6*6/(-27))/((-87)/81 - -1). Calculate the greatest common factor of 1485 and v.
9
Let a be (-191)/(-1) - (1 - (-2)/(-2)). Let r = a - 143. What is the highest common divisor of 36 and r?
12
Let r = -66 + 78. Let l be (-13)/(-5) + -2 + r/5. Suppose 2*g + 8 = l*g. Calculate the highest common factor of g and 8.
8
Suppose -10*v + 7978 = 59*v + 1354. What is the greatest common divisor of v and 2336?
32
Let g(s) = 35*s + 2459. Let i be g(-47). Calculate the highest common factor of i and 154.
22
Let g(m) = -2*m**3 + 71*m**2 + 56*m - 531. Let t be g(36). Calculate the greatest common divisor of t and 513.
27
Suppose 4*m = 23*v - 12*v + 92, -68 = -5*m + 2*v. Suppose -d - 3*d + 912 = 0. What is the greatest common divisor of m and d?
12
Suppose 270 = -118*m + 136*m. Suppose m - 33 = -3*x. Calculate the greatest common factor of 18 and x.
6
Let f(a) = 17*a + 1. Let b be f(-1). Let n = 8 - 9. Let h be 1 - n - (b + 16). Calculate the highest common factor of 22 and h.
2
Suppose 15*c - 517 = -3*i + 17*c, -i + 2*c + 167 = 0. Calculate the greatest common divisor of 800 and i.
25
Suppose -3*f + 8 - 6 = -2*d, 5*f + 5 = 5*d. Let q(h) = 5*h**2 - 8*h + 18. Let g be q(f). What is the greatest common divisor of g and 99?
33
Let y be (-4)/(8/(-34))*1/((-12)/(-12)). Calculate the highest common divisor of y and 391.
17
Suppose -82*n = -3*n - 89823. What is the greatest common factor of n and 3?
3
Let l = 143 + -126. Suppose 120 = -l*m + 19*m. Calculate the highest common factor of 30 and m.
30
Let j(p) = 9*p. Let h be j(2). Let k be h/(-7)*3*-28. Let d(t) = 8*t + 48. Let r be d(-3). What is the highest common divisor of r and k?
24
Let b be ((-40)/14)/((-60)/(-210)). Let s be 116/145 + 1/(b/(-12)). Let g be (-2)/(-7) + (-360)/(-14). Calculate the highest common factor of g and s.
2
Suppose -2*v = -3*j - 21375, 4*v + 40*j - 42756 = 44*j. Calculate the highest common divisor of v and 66.
66
Suppose 9*b - 9 = 18. Suppose 0 = -9*q + 10*q - b. Suppose -q*t + 15 = 0, 2*z - 2*t + t - 37 = 0. Calculate the highest common factor of z and 28.
7
Let w = -8010 + 8052. Calculate the greatest common divisor of 10248 and w.
42
Let o be (940/(-6) + -2)*(-3306)/152. What is the greatest common factor of o and 34?
17
Let r(h) = 10*h + 83. Let a be r(-5). Suppose 7 = 5*v + l - a, -5 = l. What is the highest common factor of 75 and v?
3
Suppose 0 = 4*z - 24, z - 3*z = 3*w - 9525. What is the highest common divisor of w and 21?
21
Let z(m) = -15*m**3 - 47*m**2 - 269*m + 3. Let h be z(-6). Calculate the highest common divisor of h and 135.
15
Let t be (-1)/(25/(-15))*-5. Let v be -1*(-2)/t - (-34)/6. Suppose 4*d - 18 - 54 = 4*j, j + 102 = v*d. What is the highest common divisor of 7 and d?
7
Let c = 80 + -34. Let j = c - 91. Let v be ((-378)/j)/(3/10). Calculate the highest common factor of 7 and v.
7
Let k(n) = n**2 + 48*n - 496. Let g be k(9). What is the highest common factor of g and 7361?
17
Suppose 4*v + 10*t = 6*t + 1600, -3*t - 1960 = -5*v. Let n = -120 + v. Let x be 4/6 - (-146)/6. What is the greatest common divisor of n and x?
25
Suppose -17768 = 27*v - 29*v + 4*a, 3*v + a - 26680 = 0. Calculate the highest common factor of v and 117.
117
Let b(h) = -2*h**3 - 22*h**2 + 2*h + 70. Let s be b(-11). Calculate the greatest common divisor of 2000 and s.
16
Let n be (-6406)/(-10) + (4*1 - 2369/515). Calculate the greatest common factor of 30 and n.
10
Suppose -2*g + 21976 - 7188 = 2*u, 2*u = 2*g + 14804. What is the greatest common factor of u and 54?
54
Suppose 7*q - 10*q = 6, 0 = b - 2*q - 52. Suppose -d + 270 = 3*a, -4*a + 2*a = -d + 260. What is the greatest common divisor of b and d?
24
Suppose -232 = -u - f, -6*f + 11*f = 2*u - 492. Let g be 0 + u/16*4. What is the highest common divisor of g and 2?
1
Suppose -83*p + 5 = -485 - 174. What is the highest common divisor of 76 and p?
4
Suppose -o - o - 37 = -3*y, -4*y + 5*o = -40. Suppose 5*i + 5*u - 75 = 0, 0 = 2*i - 5*u - 43 + 